l. Let a(w) = 17*w**2 + w + 1. Let n(d) = 3*a(d) - 2*b(d). What are the prime factors of n(g)?
73
Let t = 43 + -19. Let s = 106 - t. Let g = s + 120. What are the prime factors of g?
2, 101
Let o = 564 - 559. Suppose 0 = -2*r - 2*u + 166, -3*u - 81 - 294 = -o*r. What are the prime factors of r?
2, 3, 13
Let i be -2 + 2 + 4 + -119. Let s = i - -119. Suppose 0 = s*a - 5*n - 348, 0 = -3*a - 5*n + 357 - 131. What are the prime factors of a?
2, 41
Let u(j) = -7*j + 139. Let n be u(0). Suppose -n*s - 8 = -143*s. List the prime factors of s.
2
Let l = 218 + 10735. What are the prime factors of l?
3, 1217
Let h(n) = n**3 + 14*n**2 - 6*n + 17. Let q be h(-11). Let c = q - 40. What are the prime factors of c?
2, 7, 29
What are the prime factors of (-3)/(478566/79762 + 6/(2 - 3))?
19, 2099
Let h = -191 - -576. Suppose -h = -3*l - 0*i + 4*i, -5*l + 660 = -3*i. Suppose -3*y = -306 - l. What are the prime factors of y?
3, 7
Suppose 4*z = j - 376, 0 = 5*j + 2*z + 786 - 2710. Let s = j - -227. Suppose 6*m - s = -7*m. List the prime factors of m.
47
List the prime factors of 2/(-28) - (179/(-2506))/((-2)/(-222434)).
2, 3, 331
Let h be ((32/10)/(-4))/((-10)/25). Suppose -4*p + 958 = -h*n + n, 3*p - 5*n - 727 = 0. What are the prime factors of p?
239
Let t = -47960 + 106330. What are the prime factors of t?
2, 5, 13, 449
Suppose -4*f + 1 = -5*x + 24, -4*f = -2*x + 14. Suppose 0 = 3*s + g - 2575, -3*s + x*g - 2583 = -6*s. List the prime factors of s.
857
Suppose 32011 = 7*x + 2478. Suppose -10*o + x = -2261. List the prime factors of o.
2, 3
Let l be -20*(-14)/35 + -5. Suppose 2*d + 4*n - 826 = 0, -307 = -d + l*n + 86. List the prime factors of d.
3, 5
Suppose -92 = -4*q + 2*f, 0*f + 80 = 3*q + 4*f. Let o = -22 + q. Suppose -j + o*j + 32 = u, 3*j - 136 = -5*u. List the prime factors of u.
29
Let m = -250 - -539. Let r = 687 - m. What are the prime factors of r?
2, 199
Let f be (-1 + 1)/((-8)/(-16)*-2). Let r(c) = c**3 - 5*c**2 + 2*c - 8. Let o be r(6). Suppose f = -2*w + 6*w - o. What are the prime factors of w?
2, 5
Let d = -448 - -460. Suppose d*l - 5*l - 588 = 0. List the prime factors of l.
2, 3, 7
Let c(u) = u**2 + 34*u - 28. List the prime factors of c(-57).
1283
Let f(o) = -o**3 + 12*o**2 - 10*o - 3. Let n be f(11). Suppose n*d - 6*d + 2*b = 2628, 0 = -2*b - 4. List the prime factors of d.
2, 7, 47
Suppose -75*v + 64*v = -3069. Suppose 24*i - 3783 = -v. List the prime factors of i.
2, 73
Let m = -27591 + 41801. List the prime factors of m.
2, 5, 7, 29
Suppose -1990*v = -2024*v + 192848. What are the prime factors of v?
2, 709
Let s(h) = -2*h**3 + 9*h**2 + 26*h + 18. Let c(o) = -o**3 + 9*o**2 - 20*o + 6. Let q be c(6). List the prime factors of s(q).
2, 3, 103
Suppose -8*d - 7 = -23. Let k(n) = 126*n**2 + 3*n - 1. What are the prime factors of k(d)?
509
Let u = -44 - -48. Suppose 0*j - u*j = -3*n + 3293, 2*n + 5*j - 2157 = 0. What are the prime factors of n?
1091
Let w(o) = 285*o + 494. List the prime factors of w(10).
2, 11, 19
Let i(y) = -y**3 - 6*y**2 + 20*y - 12. Let f be i(-14). Let b = -114 + f. List the prime factors of b.
2, 7, 83
Let r = -4 + 3. Let i(u) = -62*u**2 - 3*u - 10. Let y(t) = -42*t**2 - 2*t - 7. Let p(w) = -5*i(w) + 7*y(w). List the prime factors of p(r).
2
Let h = -101 + 350. Let u = h + -194. List the prime factors of u.
5, 11
Let o(m) = 58*m**3 - m**2 + 1. Let n = -28 + 30. Suppose -4*g + 8 = 4*f, 4*g + 1 = -n*f + 7*f. List the prime factors of o(f).
2, 29
Let h be (1526/(-21))/(1*1/(-9)). Let x = h + -442. List the prime factors of x.
2, 53
Suppose -4*u + 3*n = -9, 6*n - 6 = 8*n. Suppose 14*y - 9*y - 1090 = 3*i, u = 3*i + 15. List the prime factors of y.
5, 43
Let n be 145/58 - (-18)/(-4). Let h(d) = -4*d - d**2 - d**3 - 5*d**3 - 5 - 3*d**3. What are the prime factors of h(n)?
71
Let v(k) = k**3 - 8*k**2 - 2*k + 19. Let o be v(8). Suppose 0 = -l - 4*i + 43, -o = -3*i - 12. What are the prime factors of l?
5, 11
Suppose -1166 = -2*o - 4*a, -o - a = 2*a - 585. Suppose -h = 2*x - o, -h - 13*x = -10*x - 583. List the prime factors of h.
571
Suppose 3*x - 4627 = -15*u + 13*u, 5*u = -x + 1525. Suppose -4982 + x = -7*i. List the prime factors of i.
491
What are the prime factors of 2/3 + -9 + (-42896)/(-6)?
37, 193
Suppose 230*d - 522900 = 769930. List the prime factors of d.
7, 11, 73
Let s = 19053 - 13939. What are the prime factors of s?
2, 2557
Let h = 3584 - -553. Suppose -597 = 15*a - h. List the prime factors of a.
2, 59
Suppose 3*a - 3*d = -2*d + 33, 0 = 3*a - 5*d - 21. Suppose a = 3*f - 0*f. Suppose 2*b - 6 + 2 = 0, f*i = -b + 946. What are the prime factors of i?
2, 59
Let x(l) = 71*l - 8 - 21 + 34. What are the prime factors of x(2)?
3, 7
Let u(r) = -2*r + 2. Let q be u(-2). List the prime factors of (-9296)/(-24)*q/7.
2, 83
Suppose -26 = 3*v - 4*b, -5*v + 2*v + 4 = 2*b. Suppose 0*l - 1816 = -2*l. List the prime factors of (v*l/(-32))/(6/24).
227
Suppose 0*x - x + 101 = 0. Let b(o) = -o**3 - 28*o**2 - 29*o - 119. Let q be b(-27). Let l = x + q. What are the prime factors of l?
2, 3
Let u(w) = -w + 11. Let s = -24 - -31. Let v be u(s). What are the prime factors of 814/v - (-4)/8?
2, 3, 17
Let r = -113 + 115. Suppose -768 - 346 = -r*c. List the prime factors of c.
557
Let u be 3/(-1 - (-5)/8). Let n(q) = 24*q**2 + 25*q - 24. Let k(h) = 21*h**2 + 22*h - 23. Let v(y) = 7*k(y) - 6*n(y). What are the prime factors of v(u)?
11, 13
Let s(r) = r**3 - 11*r**2 + r - 41. Suppose 10*d - 70 = 5*d. What are the prime factors of s(d)?
3, 11, 17
List the prime factors of (47 - 0)*(5 + -9 + 466/2).
47, 229
Let t = 6 - 0. Let r(a) = -a**2 + 42*a - 413. Let m be r(25). Suppose t*h = m*h - 798. List the prime factors of h.
7, 19
Suppose 0 = -5*b - o + 59, 2 = b - 2*o - 12. Suppose 0 = -b*j - 2083 + 103. Let q = 21 - j. List the prime factors of q.
2, 3, 31
Suppose -3*p = 3*t - 6, -2*t + 6 = -0*p + 3*p. Suppose p*f - 3*b = 661, 555 = 5*f - 2*b - 1070. List the prime factors of f.
17, 19
Let x(y) = y + 6*y + 36 - 4*y. Let n be x(-12). Suppose s = 0, -k + 5*s + 13 + 72 = n. What are the prime factors of k?
5, 17
Let r = 17926 - 11191. List the prime factors of r.
3, 5, 449
Let c(u) = 6*u**3 - 7*u**2 + 9*u - 19. Let o be c(5). Let s = o + -429. List the prime factors of s.
2, 43
Let g(a) = -3*a**3 - 2*a - 1. Let o be g(-1). Suppose -o*k = 8*k - 504. List the prime factors of k.
2, 3, 7
Let i = 112072 - 57513. List the prime factors of i.
54559
Let a(d) be the third derivative of -d**6/120 + 5*d**5/12 + d**4/24 - 31*d**3/6 - 28*d**2. Let t be a(25). What are the prime factors of 159/1 + 1/(2/t)?
2, 3, 13
Let m be 3 + 6 + (-4 - -2). Let i(s) = -7*s - 3*s - m - 4 - 4. List the prime factors of i(-7).
5, 11
Let u(n) = 37*n**3 - n. Let v be u(1). Let h = -57 + v. List the prime factors of h/3 + 4 - -15.
2, 3
Let j(d) = 27*d**2 + 379*d + 547. List the prime factors of j(-45).
38167
Let r = -1156 + 2088. Suppose 0 = -c - 4*v + 157 + 315, 0 = -2*c - 4*v + r. What are the prime factors of c?
2, 5, 23
Let q = -8310 - -12577. List the prime factors of q.
17, 251
Suppose 5*k + 30364 = 3*l - 10188, -l = -3*k - 13524. What are the prime factors of l?
3, 19, 79
Let g = 95 - 89. Let f be (-1 - -6)*g - (-2)/(-2). Let d = f + 152. List the prime factors of d.
181
Suppose -5*n + 4*u - 3*u = -63, 33 = 4*n + 5*u. Let w be (32/(n/3))/2. Let m(o) = 6*o**2 - 4*o - 2. List the prime factors of m(w).
2, 3, 13
Suppose 0 = 9*c - 1731 + 201. Suppose k = c + 432. What are the prime factors of k?
2, 7, 43
Suppose -33*a + 85*a = 106288. List the prime factors of a.
2, 7, 73
Let g(r) = 1362*r - 1178. List the prime factors of g(18).
2, 7, 1667
Let f = 107084 - 67664. What are the prime factors of f?
2, 3, 5, 73
Let w(k) = -k**3 + 9*k**2 + 3*k + 62. Let a be w(10). Let m(n) = -5*n**3 - 8*n**2 + 25*n + 56. What are the prime factors of m(a)?
2, 7, 17
Suppose 0 = 3*r - 5*k - 12437, r + 89*k - 84*k = 4119. What are the prime factors of r?
4139
Let l(a) = 2*a**3 - 3*a**2 + 4*a - 1. Suppose -4*x - 2*f + 2 = 0, 8 = x - 4*f + 2*f. Let v be (0 + -2)/(x/(-3)). What are the prime factors of l(v)?
2, 19
Suppose -5*b = 3*b - 81816. Suppose -6*s - b = -13*s. What are the prime factors of s/6 + (-1)/(-5 - -3)?
2, 61
Suppose 5*m - 12 = 28. Let d = m - -5. Let r = 39 - d. List the prime factors o